 factor of k and c?
25
Let b = 38467 - 36899. Calculate the greatest common factor of 64 and b.
32
Suppose 4498 + 5048 - 1914 = 12*y. Calculate the greatest common divisor of y and 3.
3
Suppose 0 = -7*w - v - 372 + 1262, -w = -v - 118. Let x be -1 + (17 - -2 - 0). What is the greatest common factor of w and x?
18
Let r(h) = -18*h - 8 + 3*h + 16*h**2 + h**3 - 1 - 7. Let p be r(-17). Let l = p - -89. Calculate the greatest common divisor of l and 13.
13
Let j = -21 + 38. Suppose 191610 - 108264 + 244448 = 622*r. Calculate the highest common factor of r and j.
17
Suppose 17*f + 457600 = 46*f + 26*f. Calculate the highest common divisor of 65 and f.
65
Suppose 0 = -4*w - 2*q + 56, 32*q = w + 27*q - 14. Calculate the highest common divisor of w and 4256.
14
Let d(l) = 2*l - 26. Let b(m) = -m - 3. Let n(c) = 4*b(c) - d(c). Let j be n(-9). What is the highest common divisor of 238 and j?
34
Suppose 3*b + 128 = -142. Let a = -144 - -58. Let s = a - b. What is the highest common factor of 2 and s?
2
Let q(y) = -y**3 - 60*y**2 + 206*y - 359. Let z be q(-65). Calculate the greatest common factor of z and 4.
4
Suppose -507*d - 6 = -506*d. Let n be (-11832)/(-340)*(-10)/d. Calculate the greatest common factor of n and 29.
29
Suppose -5*g = 5*w - 925, 5*w + g - 898 = 5*g. Let z(t) = 3*t**2 + 18*t + 14. Let h be z(-6). What is the highest common factor of w and h?
14
Suppose -19*t = -15*t - v - 390, 0 = 4*t + 4*v - 400. Calculate the greatest common divisor of 3675 and t.
49
Let a be ((-17906)/(-16) - 11/88) + -3 + 6. What is the greatest common divisor of 1530 and a?
102
Let t = 3847 + -3722. What is the highest common factor of t and 38375?
125
Suppose -7*t + 3*t = -20. Suppose -t*h - y + 1281 = 0, 0*y = 3*h - 5*y - 763. Calculate the highest common factor of h and 16.
16
Let b = 11496 + -11472. Calculate the highest common factor of 720 and b.
24
Let j = 113 + -113. Suppose j = 12*w - 9*w - 30. Let p(u) = -u**3 + 9*u**2 + 12*u - 17. Let r be p(w). What is the highest common divisor of r and 2?
1
Suppose -255 = 4*g - 255. Suppose -2*a = -2*m + 14, -3*a - 2 = 2*m - 11. Suppose l - m = -g*l. What is the highest common divisor of 72 and l?
6
Let h(i) = 4 - 10 + 3*i - 15. Let b be h(10). Let r be -1 + 0/2 - (-27)/b. Calculate the highest common factor of 22 and r.
2
Let q = 34 + -32. Suppose -2*a - q*g = -266, -2*g - 401 = -3*a - 2. Let t be -4*(330/(-28) - (-38)/a). What is the greatest common divisor of 69 and t?
23
Suppose -32*v + 866 = -318. Calculate the greatest common divisor of v and 3034.
37
Let m(d) = -59*d - 31. Let z be m(5). Let a = z + 348. Calculate the highest common divisor of 154 and a.
22
Let j(z) = 3*z - 6. Let u be -4*1/(-16) + (-23)/(-4). Suppose 0 = -5*v + u*v - 4. Let c be j(v). Calculate the highest common factor of c and 6.
6
Let r = -13314 - -26601. What is the greatest common factor of r and 927?
309
Suppose -23*v = -3*o - 25*v + 3686, -5*o + 6106 = -2*v. Calculate the greatest common factor of 680 and o.
136
Suppose u - 77 = -0*u - h, 3*u - 231 = 5*h. Let v = u - 71. Let z be (-4)/1 - (0 - (-3 - -13)). Calculate the greatest common factor of v and z.
6
Suppose -2*f = -f - 616. Let j = 237628 + -237572. What is the highest common divisor of f and j?
56
Let z be -4*(-1)/(2/38). Suppose -325 - 111 = -k + 2*n, -5*n - 1299 = -3*k. What is the highest common divisor of k and z?
38
Let m be 5*((-48)/10)/(-4). Let w(i) = -i**2 + 15*i - 14. Let t be w(m). Let p(h) = 2*h - 2. Let x be p(5). What is the highest common divisor of t and x?
8
Let q(c) = -2*c**3 - 12*c**2 + 19*c + 9. Let b be -4 + 18 + -11 + (-13 - -1). Let u be q(b). Calculate the greatest common factor of u and 36.
36
Let k be (8436/(-285) - -20)/((-2)/1630). What is the highest common divisor of k and 72?
24
Let r(l) = -16*l + 50. Let g be r(3). Suppose -n - c = 3*c - 61, -3*n = g*c - 143. Calculate the highest common divisor of n and 27.
9
Let v = 47 - 3. Suppose 2*t - v - 8 = 3*f, 3*t - 4*f - 78 = 0. What is the highest common divisor of t and 117?
13
Let h = -180 - -224. Let d(c) = -9*c + 157. Let u be d(-7). Calculate the greatest common divisor of u and h.
44
Let q = 738 + -736. What is the highest common divisor of q and 344?
2
Let y = 28573 + -24065. What is the greatest common factor of 230 and y?
46
Let j(d) = d**3 + 8*d**2 + 8*d + 7. Let o be j(-7). Suppose o*g = 3*g - 420. Let b be (-3 - 1)*(-150)/40*28/12. Calculate the highest common divisor of b and g.
35
Suppose 0*b + 4 = -b, 0 = f - 5*b - 25. Suppose f*k - 1 = 4*k + 5*c, 3*k - 3*c = -45. Let y = k - -74. What is the greatest common factor of 5 and y?
5
Let g = -156 + 163. Let j(n) = 2*n**2 + 5*n - 1. Let k be j(g). What is the highest common divisor of 33 and k?
33
Let m(u) = 10*u**2 - 10*u - 5. Let f be m(5). Let r be f/(-26)*(-3)/(18/4). What is the highest common factor of r and 9?
1
Let s(c) = -14*c**2 - 125*c + 31. Let h be s(-8). Calculate the highest common factor of h and 30.
15
Suppose -2*r = 2*r - 32. Suppose -49*l - 40 = -54*l. Calculate the greatest common factor of l and r.
8
Let i(y) = 137*y**2 + y + 7. Let f be i(3). Let s = -373 + f. Calculate the highest common factor of 58 and s.
58
Let a = 6336 - 6249. Calculate the highest common divisor of 19923 and a.
87
Suppose o - 4*j - 185 = -6*j, 3*o + 5*j - 551 = 0. Let t = o - 119. What is the highest common factor of t and 29?
29
Suppose 0*o + 5*j = -3*o + 86, -3*o = -2*j - 58. Suppose -64 = -26*f + o*f. What is the highest common divisor of 176 and f?
16
Suppose -o = 4*u - 265, 5*o - 64 - 122 = -3*u. Let p be (-15)/(-6) - 3/(-6) - u. Let q = 66 + p. Calculate the highest common factor of q and 6.
2
Let p(y) be the third derivative of y**4/6 + 4*y**3 - 8*y**2. Let v be p(0). Let o = 56 - v. What is the highest common factor of 4 and o?
4
Let r be 3601/91 + (-9)/(-21). Let k be r/6*(-27)/(-18). Let u = 104 + 6. Calculate the highest common factor of k and u.
10
Let o = -375 + 406. Let j(q) = q**3 - 30*q**2 - 22*q - 64. Let x be j(o). What is the greatest common divisor of x and 43?
43
Suppose 152 = 4*y - 3*y. Let c be (7 - 6)/((-2)/8*2) - -10. What is the greatest common divisor of y and c?
8
Let r = 77 - 122. Let d = 72 + r. Let m be (-3)/(2/(0 + -12)). Calculate the greatest common factor of m and d.
9
Let r = -273 + 546. Let l = -10988 + 11051. What is the greatest common divisor of l and r?
21
Let c(g) = 208*g**2 - 403*g + 2. Let z be c(2). What is the greatest common divisor of z and 5908?
28
Let i(b) = 8*b - 93. Let m(k) = -k + 13. Let d be m(-1). Let j be i(d). Calculate the highest common divisor of 133 and j.
19
Let o = -78 - -48. Let g = o - -70. Let f = 43 - g. Calculate the highest common factor of f and 21.
3
Let q be -5 - -21 - (15 - 14). What is the greatest common divisor of q and 670?
5
Let m(y) = 327*y + 596. Let l be m(8). Calculate the highest common factor of l and 44.
44
Suppose -3703 = -12*w + 5*w. Let o = w + -517. Calculate the highest common divisor of o and 804.
12
Suppose 42 = -13*c + 16*c. Suppose q = 3*o + 11, -5*o + 4*o - 9 = -3*q. Let v be 364/(8/(q + 2)). What is the greatest common factor of v and c?
14
Let f = -15 - -81. Let j = 2 + f. What is the highest common divisor of 476 and j?
68
Suppose 3*b = 2*f - 100, -f + 2*b + 52 = b. Suppose -39*c + f = -35*c. Calculate the highest common divisor of 98 and c.
14
Let a = -632 - -636. What is the greatest common divisor of 118 and a?
2
Suppose -25*i + 5*s = -27*i + 592, 5*i - 1340 = 5*s. What is the greatest common divisor of 132 and i?
12
Suppose 15*t = 6*t + 297. Suppose -31 - t = -4*d. Calculate the greatest common divisor of 6 and d.
2
Let b(o) = -o + 3. Let u(s) = 6*s + 204. Let z(x) = -4*b(x) + u(x). Let a be z(-15). What is the greatest common divisor of a and 18?
6
Suppose 3*n - 2*r - 210 = 66, -2*r + 18 = 0. Let b be 2*1 - (-2 + 0). What is the highest common divisor of b and n?
2
Let w(m) = m**3 + 3. Let o be w(0). Suppose 2*y - 21 = 2*z + 15, -o*y - 3*z = -60. Calculate the greatest common factor of 247 and y.
19
Let h = -38 - -239. Suppose -219*i = -h*i - 342. Calculate the highest common factor of 57 and i.
19
Let z(q) = -65*q**2 + 4*q + 4. Let w = -86 + 85. Let j be z(w). Let k be (-3133)/j + (6/2)/(-15). Calculate the highest common divisor of 16 and k